a(u) + 3*v(u). Calculate k(9).
1
Let o = -70 - -7. Let f = -64 - o. Let x(n) = -n**3 + n**2 + 2*n + 1. What is x(f)?
1
Suppose -2*b - 5 = -3*z + 18, 3*b + 22 = 2*z. Let s(w) = -w**3 - 11*w**2 - w + 5. Let h(x) = -x**2. Let n(q) = 6*h(q) - s(q). Give n(b).
7
Let b(i) = -18*i + 15 + 8*i + i**2 - 10*i. Let y be b(19). Let n(c) = 2*c**2 + 6*c + 4. Determine n(y).
12
Suppose -29*f - 200 = -34*f. Let p = f + -33. Let l(g) = -g**2 + 6*g + 8. Calculate l(p).
1
Let u(s) = s**2 - s - 1. Let t(c) = -6*c**2 - 4*c + 17. Let p(o) = -7*o + 36. Let z be p(5). Let d(l) = z*t(l) + 5*u(l). Calculate d(-10).
2
Let q(s) = 2*s**3 + 17*s**2 - s + 4. Suppose 0 = 3*j - 6*j + 27. Let f(g) = 5*g**2 - 3*g**2 + 6*g**2 + g**3 + 2. Let b(d) = j*f(d) - 4*q(d). Give b(-2).
2
Let j(k) be the second derivative of -2*k**2 + 0 + 9*k - 1/2*k**3. Calculate j(3).
-13
Let f(i) = -2*i + 3. Suppose 23*v = 22*v + 6. Let g = 17 - 12. Suppose -v = -g*c + 2*c. Determine f(c).
-1
Let w(i) = 7*i**2. Suppose 2*s = -2*s + 4*f + 4, 3*f - 5 = -5*s. Give w(s).
7
Let y = -62 + 1. Let q = -59 - y. Let l(b) be the second derivative of b**4/6 - b**3/2 + b**2/2 - b. Determine l(q).
3
Let o(t) = 22 - 41 - 263*t + 266*t. Calculate o(9).
8
Let h = 7 + -14. Let v(o) = 9*o - 2*o**3 + o**3 + 3 - 3*o - 6*o**2. Give v(h).
10
Let a = -47 - -51. Suppose -q - 15 = 3*o, -a*o - q - 32 = -12. Let n(c) = -c**3 - 4*c**2 + 4*c - 4. Determine n(o).
1
Let r(a) = -1 - 127*a + 57*a + 78*a. Determine r(-1).
-9
Let p(g) be the third derivative of -g**6/120 + 7*g**5/60 - 5*g**4/24 - g**3/3 - 22*g**2. Let l(b) = b**2 - 10*b - 5. Let d be l(11). Determine p(d).
4
Suppose 5*x - 4*x = -1. Let n(v) = -v - 4. Let m be n(x). Let y(f) = 2*f + 4. Calculate y(m).
-2
Let t be ((-924)/(-396))/(2/(-6)). Let f(s) = -s**2 - 12*s - 30. What is f(t)?
5
Let s(q) be the third derivative of -q**5/60 - q**4/24 - q**3/2 + 204*q**2. Determine s(-2).
-5
Let a = 225 - 236. Let x(f) = -4*f - 56. Give x(a).
-12
Let a(l) = 2*l + 4. Let r(m) = -m - 6. Let w be r(-8). Let p(z) = 0 - 1 + w. Let y(f) = -2*a(f) + 10*p(f). Calculate y(-2).
10
Let o(k) = 6 - 13 - 6 - 12 + 5*k - 4. Determine o(7).
6
Let d be (-237)/(-12) + (-1)/(-4). Suppose -2*t - d = o - 3*o, 2*t - 16 = -2*o. Let g(s) = -o - 6 + 5 - s. Give g(0).
-10
Let t = 114 + -115. Let x(v) be the third derivative of v**7/1260 - v**6/720 - v**5/60 + v**2. Let z(q) be the third derivative of x(q). What is z(t)?
-5
Let r(x) be the first derivative of -7*x**2/2 + x + 6. Let s be (-5)/(5/(-8)) - 3. Suppose f + 4 = s. Determine r(f).
-6
Let i(k) be the first derivative of -k**3/3 - 9*k**2 - 5*k - 214. Determine i(-17).
12
Suppose 5*i + 4*p - 177 = 0, -i + 4*p + 43 = p. Suppose 12 - i = -5*k. Let t(d) = -d**2 + d - 4*d**2 + d**3 + 185 - 190. Calculate t(k).
0
Suppose 0*p + 3*p - 6 = 0. Suppose o - 2*o = p*v, -o = -2*v. Suppose v*l - 5*l + 15 = 0. Let n(k) = -k + 1. Give n(l).
-2
Let k(g) = -2. Let s(t) = -2*t - 4. Let w(n) = 4*k(n) - s(n). Give w(3).
2
Let w(v) = -v**3 + 2*v**2 - 3*v - 1. Let y(h) = h**3 - 3*h**2 + 4*h - 1. Let g(m) = -3*w(m) - 2*y(m). Give g(0).
5
Let t(o) be the first derivative of o**4/4 - 2*o**3 - 3*o**2 - 5*o - 7. Let x be (-30)/(-35)*(-1 + 15). Suppose 0 = x*d - 7*d - 35. Give t(d).
2
Let q(f) = 7 + 4*f**2 - 2*f**2 - 9 + 5*f - 4*f. Give q(-2).
4
Let d = 1333/3981 + -2/1327. Let h(a) be the third derivative of d*a**3 - a**2 + 0 + 1/60*a**5 + 0*a + 1/8*a**4. What is h(-4)?
6
Suppose 8*w - 6*w + p = 10, -p + 22 = 5*w. Let t(h) = 2 - 2*h**2 - 3 + w*h + 3*h + 4*h**3 - 9*h. Suppose 5*s + 2 = -3. What is t(s)?
-5
Let r(p) be the third derivative of 1/2*p**3 - 1/120*p**6 - 2*p**2 - 5/12*p**4 - 11/60*p**5 + 0*p + 0. Let s be r(-10). Let y(c) = 2*c**2 - 5*c + 2. Give y(s).
5
Let i(w) = -w**3 - 6. Let r = -21 - -33. Let j(t) = -2*t - r - t**3 - 35*t**2 + 12*t**2 + 17*t**2. Let k be j(-6). What is i(k)?
-6
Let q(v) = -2 + 1269*v**2 + 3*v + 1270*v**2 - 2538*v**2. What is q(-3)?
-2
Let x = -63 - -74. Let m(s) = 1 + 27*s - 15*s - x*s. What is m(-5)?
-4
Let x(d) = d**3 - 10*d**2 - 6. Let l(w) = -2*w**3 + 17*w**2 + 12. Let v(n) = -3*l(n) - 7*x(n). Determine v(19).
6
Let q(g) = 7*g - 3*g**2 - 3*g**3 - 2*g**2 - 8 + 3*g**3 + g**3. Let c be q(4). Let w(m) = m**3 - 5*m**2 + m + 5. What is w(c)?
-7
Let u = -10 - -5. Let j(z) = -z**2 - 3*z + 10. Determine j(u).
0
Let p(y) be the first derivative of y**3/3 - y**2/2 + 41*y + 1. Give p(0).
41
Let s(m) = 5*m + 294 - 4*m - m**3 - 4*m**2 - 298 - 4*m. Suppose -3*j + 7*j = 5*v + 9, 10 = -5*j + 2*v. Determine s(j).
8
Suppose -3*v + 12 = v. Let g(i) = 5*i - 4. Let s(u) = 10*u - 9. Let m(o) = -21*o + 19. Let p(h) = 3*m(h) + 7*s(h). Let z(x) = -8*g(x) + 5*p(x). Give z(v).
-13
Let b(i) = -i**2 + 2*i - 8. Let r be 7 - (8 - 6/(-2) - 8). Determine b(r).
-16
Let c be (18 + -17)*((0 - -2) + 0). Let d(a) be the third derivative of -1/6*a**3 + 7/24*a**4 - 6*a**c + 0 + 0*a. What is d(2)?
13
Let l = -1828 + 1833. Let m(a) = -2*a**3 + 12*a**2 - 10*a - 9. Calculate m(l).
-9
Suppose 3*v - 5 = m, 4*v = 4*m - 3 - 1. Let l(f) = f**3 - 5*f**2 - 6*f + 1. Give l(m).
-39
Let z be 366/(-732) - 2*30/(-8). Let q(w) = -w**2 + 2*w + 1. What is q(z)?
-34
Let w(k) = 11*k + 9. Let b(n) = -5*n - 4. Let u(o) = 13*b(o) + 6*w(o). What is u(8)?
10
Let h(v) = -7*v**2 - 1. Let s(n) = 15*n**2 + 2*n + 1. Let b(f) = -13*h(f) - 6*s(f). Determine b(11).
-4
Let s(p) = 13*p + 6. Let i(a) = 28*a + 13. Let w(z) = -6*i(z) + 13*s(z). Calculate w(6).
6
Let p(o) = -o**2 + 15*o + 18. Let g be p(16). Let f(q) = -q**g - 4 + 4*q + 2 + 0. What is f(3)?
1
Let b(i) = -i - 7. Let t be b(-12). Let p(j) = -2 - 6*j - j + 7*j + t*j - 2*j**2. Calculate p(3).
-5
Let q(i) = 176 + i - 2*i - 182. What is q(-8)?
2
Let g(a) = 14 - 6*a**2 + 4*a - 4 + a**3 - 3. Calculate g(5).
2
Let l(w) = -w + 10. Let y(j) be the first derivative of 3*j**2/2 - 21*j + 9. Let h(m) = 5*l(m) + 2*y(m). What is h(-14)?
-6
Let h(w) be the first derivative of -w**2 - 13*w - 376. Suppose 10 = -2*g - 8. Determine h(g).
5
Suppose -7 - 29 = 6*b. Let x(o) = -o**3 - 7*o**2 - 6*o - 5. Determine x(b).
-5
Let k(r) be the second derivative of -r**3/3 + 3*r**2/2 - 3*r + 4. Let q(f) = f - 4*f + 4*f. Let l be q(7). Calculate k(l).
-11
Let c(k) = -4*k + 6. Suppose 4*r = 6*r + 12. Let l(d) = 3*d - 5. Let p(i) = r*l(i) - 5*c(i). Calculate p(-3).
-6
Let k(x) = -x**3 - x - 1. Let g(r) = -r**3 - 2*r**2 + 2*r - 1. Let v be g(0). Calculate k(v).
1
Let b(w) be the third derivative of -w**6/120 - w**5/12 + w**3/3 + 19*w**2. What is b(-5)?
2
Let n be (0 + 1)/(2/6). Suppose -3*i - 13 = n*v + i, -3*v - i = 19. Let j(k) = -2*k - 9. Calculate j(v).
5
Let w be (0 - -1)*(-10)/(-2). Let p(i) = -17*i**3 - 9*i**2 - 7*i - 6. Let l(x) = -37*x**3 - 19*x**2 - 14*x - 13. Let o(h) = 6*l(h) - 13*p(h). What is o(w)?
-15
Let n(z) = -7*z + 16. Suppose 72*w = 87*w - 45. Give n(w).
-5
Let d(i) = -3*i**3 + 2*i**3 + 2 - 8*i**2 + 4*i**2 - 6. Let k = -11 + 16. Suppose -5 = k*m, q + 1 + 1 = m. Give d(q).
-13
Let l be (-1589)/42 - 1/6. Let i = l + 36. Let x(r) = r**2 - r + 2. Determine x(i).
8
Let h = -9 + 11. Let j(l) = -4*l**h - l**3 + 5*l**2 - 11 - l**2 - l**2. Suppose 2*n - 9 = -i - n, 0 = -2*i - 2*n + 6. What is j(i)?
-11
Let h = 355 - 353. Let m(f) be the second derivative of -3*f + 1/2*f**h + 1/2*f**3 + 0 - 1/12*f**4. Calculate m(3).
1
Let f(a) = 159 + 3*a + a**3 + 0*a**3 - 160. Determine f(3).
35
Suppose b + 5 = -0*b, -4*u + 2*b + 6 = 0. Let p(r) = -6*r**2. Determine p(u).
-6
Let z(a) = 5*a - 1. Let h(k) = -k**3 - 9*k**2 + 9*k - 11. Let t = -72 - -32. Let o be (t/(-12))/(1/(-3)). Let n be h(o). What is z(n)?
-6
Let i(n) = 4 - 405*n + 2*n**2 + 801*n - 401*n. Determine i(3).
7
Suppose -2*y + 144 = 4*p, p - 4*p + 108 = 3*y. Let f(g) = -35*g + p*g + 19*g. Calculate f(1).
20
Let d(x) be the third derivative of -x**5/15 + x**4/24 - x**3/6 - x**2. Let u(b) = b**3 - 4*b**2 - 5*b + 1. Let s = 42 + -37. Let i be u(s). Give d(i).
-4
Let i(d) = d**3 + 8*d**2 + 7*d - 3. Let f = -13 + 18. Suppose a - f = -30. Let y = a + 18. What is i(y)?
-3
Let v(b) = -2*b**2 + 8*b - 4. Suppose 5*c - 11 = -2*m + 14, 2*c - 10 = 2*m. Suppose 0 = 5*g + c*r, 2*r + 19 = 2*g - 1. Give v(g).
-14
Let y(v) = 5*v**3 + 3*v**2 + 2*v + 8. Let q(i) = 6*i**3 + 5*i**2 + 2*i + 8. Let m(p) = -4*q(p) + 5*y(p). Calculate m(4).
0
Let u(b) = b**3 - 3*